3?
29
What is the greatest common factor of 135 and 1575?
45
What is the greatest common factor of 180 and 320?
20
Calculate the greatest common divisor of 52 and 2496.
52
Calculate the greatest common divisor of 90 and 50.
10
What is the highest common factor of 1856 and 64?
64
What is the greatest common factor of 750 and 18?
6
What is the greatest common divisor of 7 and 12?
1
What is the highest common factor of 450 and 350?
50
What is the highest common divisor of 21 and 168?
21
What is the highest common divisor of 12 and 84?
12
Calculate the highest common divisor of 12876 and 522.
174
Calculate the highest common factor of 1680 and 630.
210
Calculate the greatest common factor of 222 and 12.
6
Calculate the highest common factor of 11940 and 45.
15
What is the highest common factor of 102 and 1785?
51
Calculate the greatest common divisor of 59 and 1003.
59
What is the highest common divisor of 40 and 3720?
40
What is the greatest common factor of 1166 and 22?
22
Calculate the greatest common divisor of 76 and 836.
76
What is the greatest common divisor of 38 and 6?
2
Calculate the highest common factor of 240 and 5070.
30
Calculate the greatest common factor of 416 and 32.
32
What is the greatest common divisor of 594 and 286?
22
What is the highest common divisor of 2641 and 19?
19
What is the greatest common divisor of 348 and 29?
29
What is the highest common divisor of 567 and 21?
21
What is the greatest common divisor of 40 and 500?
20
What is the highest common divisor of 705 and 564?
141
Calculate the highest common divisor of 840 and 23240.
280
What is the highest common divisor of 8040 and 30?
30
What is the greatest common factor of 22 and 3322?
22
What is the greatest common factor of 108 and 3708?
36
What is the greatest common divisor of 50 and 225?
25
What is the highest common factor of 240 and 32880?
240
Calculate the highest common divisor of 87 and 377.
29
Calculate the highest common factor of 855 and 45.
45
Calculate the greatest common factor of 84 and 189.
21
Calculate the greatest common factor of 64 and 1848.
8
What is the greatest common divisor of 212 and 2014?
106
What is the highest common divisor of 315 and 245?
35
Calculate the highest common divisor of 3419 and 13.
13
Calculate the greatest common factor of 77 and 198.
11
Calculate the greatest common factor of 5054 and 14.
14
What is the greatest common divisor of 2 and 1046?
2
Calculate the highest common factor of 18 and 156.
6
Calculate the highest common divisor of 30 and 1260.
30
What is the greatest common divisor of 13197 and 166?
83
What is the highest common factor of 57 and 779?
19
What is the highest common factor of 2750 and 3025?
275
Calculate the highest common divisor of 24182 and 428.
214
Calculate the greatest common factor of 209 and 19.
19
What is the highest common factor of 918 and 8?
2
Calculate the greatest common divisor of 20 and 90.
10
What is the highest common factor of 38 and 38?
38
Calculate the highest common factor of 1243 and 33.
11
What is the greatest common divisor of 170 and 860?
10
Calculate the greatest common factor of 43 and 130.
1
What is the highest common factor of 65 and 1235?
65
What is the greatest common factor of 56 and 9184?
56
Calculate the greatest common factor of 2535 and 15.
15
Calculate the greatest common divisor of 12 and 1236.
12
What is the highest common factor of 2442 and 132?
66
Calculate the highest common divisor of 78 and 169.
13
Calculate the greatest common factor of 14 and 12236.
14
Calculate the highest common divisor of 423 and 188.
47
What is the highest common factor of 7159 and 1?
1
Calculate the greatest common factor of 2 and 16.
2
Calculate the highest common factor of 1791 and 1393.
199
Calculate the greatest common factor of 4268 and 220.
44
What is the highest common divisor of 899 and 29?
29
What is the highest common factor of 93 and 403?
31
What is the greatest common divisor of 2720 and 380?
20
Calculate the greatest common factor of 22352 and 352.
176
What is the greatest common factor of 250 and 2450?
50
What is the highest common factor of 62 and 31?
31
Calculate the highest common factor of 13 and 221.
13
What is the greatest common factor of 22 and 517?
11
Calculate the greatest common factor of 75 and 200.
25
What is the greatest common factor of 54 and 144?
18
Calculate the greatest common factor of 115 and 5520.
115
Calculate the highest common divisor of 288 and 528.
48
Calculate the highest common factor of 100 and 350.
50
Calculate the highest common divisor of 14 and 1715.
7
Calculate the greatest common divisor of 9071 and 47.
47
Calculate the greatest common divisor of 196 and 637.
49
What is the highest common divisor of 60 and 9?
3
Calculate the greatest common divisor of 31 and 1643.
31
What is the highest common factor of 18 and 1550?
2
Calculate the highest common divisor of 128 and 1456.
16
Calculate the greatest common divisor of 4464 and 720.
144
What is the greatest common divisor of 291 and 123?
3
What is the highest common factor of 1582 and 339?
113
Calculate the highest common factor of 36 and 588.
12
Calculate the highest common factor of 576 and 10656.
288
What is the highest common factor of 2 and 58?
2
What is the highest common factor of 1850 and 333?
37
What is the highest common factor of 33 and 55?
11
Calculate the greatest common divisor of 20 and 50.
10
Calculate the greatest common divisor of 668 and 124.
4
What is the highest common divisor of 7271 and 11?
11
Calculate the highest common divisor of 116 and 16.
4
Calculate the highest common divisor of 16 and 2032.
16
What is the greatest common divisor of 36 and 4380?
12
What is the highest common factor of 670 and 10?
10
What is the greatest common divisor of 101 and 1616?
101
Calculate the highest common factor of 784 and 16.
16
What is the greatest common divisor of 1 and 85?
1
What is the greatest common factor of 13736 and 136?
136
Calculate the highest common factor of 574 and 189.
7
Calculate the greatest common factor of 172 and 43.
43
Calculate the greatest common divisor of 105 and 14415.
15
What is the greatest common divisor of 80 and 560?
80
Calculate the greatest common factor of 45 and 30.
15
What is the greatest common divisor of 639 and 9?
9
Calculate the greatest common divisor of 354 and 36.
6
What is the greatest common divisor of 1144 and 8?
8
What is the highest common factor of 19 and 19?
19
What is the greatest common factor of 28 and 84?
28
Calculate the greatest common factor of 66 and 264.
66
What is the highest common divisor of 10 and 8665?
5
Calculate the highest common divisor of 24 and 376.
8
Calculate the greatest common divisor of 106 and 5.
1
Calculate the highest common factor of 85 and 5.
5
Calculate the greatest common divisor of 92 and 4.
4
Calculate the greatest common factor of 51 and 9605.
17
Calculate the highest common factor of 83 and 76277.
83
What is the highest common divisor of 85 and 1955?
85
Calculate the highest common factor of 222 and 18.
6
Calculate the highest common factor of 150 and 795.
15
What is the greatest common divisor of 13100 and 100?
100
Calculate the greatest common factor of 286 and 6721.
143
Calculate the greatest common divisor of 39 and 8.
1
What is the greatest common factor of 940 and 4?
4
What is the highest common factor of 568 and 71?
71
Calculate the highest common divisor of 155 and 403.
31
What is the highest common factor of 2178 and 18?
18
Calculate the greatest common factor of 93 and 837.
93
Calculate the highest common divisor of 1189 and 287.
41
What is the highest common divisor of 20790 and 99?
99
What is the greatest common divisor of 14 and 35?
7
What is the highest common divisor of 28 and 574?
14
What is the greatest common divisor of 2350 and 3196?
94
What is the greatest common factor of 6366 and 2?
2
What is the highest common factor of 7 and 3402?
7
What is the greatest common factor of 16 and 344?
8
What is the greatest common factor of 198 and 22?
22
Calculate the highest common divisor of 405 and 10.
5
What is the greatest common divisor of 456 and 16?
8
Calculate the highest common divisor of 12 and 12.
12
What is the highest common factor of 294 and 6?
6
What is the highest com